culate the remainder when 15014694 is divided by 15.
9
Calculate the remainder when 168400 is divided by 736.
592
What is the remainder when 700542627 is divided by 28?
15
What is the remainder when 7887 is divided by 5345?
2542
Calculate the remainder when 34756 is divided by 8237.
1808
Calculate the remainder when 12708511 is divided by 4442.
4391
Calculate the remainder when 3317 is divided by 2500.
817
Calculate the remainder when 24474 is divided by 22898.
1576
What is the remainder when 434579 is divided by 2275?
54
What is the remainder when 957358 is divided by 3324?
46
Calculate the remainder when 652426 is divided by 130410.
376
What is the remainder when 866085 is divided by 271?
240
Calculate the remainder when 467965 is divided by 2074.
1315
Calculate the remainder when 494380 is divided by 850.
530
Calculate the remainder when 244453 is divided by 1027.
27
What is the remainder when 30455 is divided by 907?
524
Calculate the remainder when 48972 is divided by 5021.
3783
Calculate the remainder when 24211276 is divided by 2366.
2364
Calculate the remainder when 12609202 is divided by 28854.
4
What is the remainder when 313702 is divided by 1114?
668
Calculate the remainder when 30153146 is divided by 15076573.
0
What is the remainder when 11905094 is divided by 120253?
47
What is the remainder when 379078 is divided by 260?
258
What is the remainder when 13215534 is divided by 89?
13
What is the remainder when 8442181 is divided by 90776?
13
What is the remainder when 17219678 is divided by 11?
3
Calculate the remainder when 172179 is divided by 8.
3
Calculate the remainder when 279233 is divided by 139603.
27
What is the remainder when 363017 is divided by 1206?
11
What is the remainder when 914447 is divided by 4939?
732
Calculate the remainder when 127843 is divided by 88.
67
Calculate the remainder when 263256 is divided by 260952.
2304
Calculate the remainder when 280645 is divided by 1077.
625
Calculate the remainder when 1026639518 is divided by 3215.
3213
Calculate the remainder when 1818943390 is divided by 21.
19
Calculate the remainder when 7996 is divided by 3979.
38
Calculate the remainder when 32078445 is divided by 800.
45
Calculate the remainder when 1591439 is divided by 324.
275
What is the remainder when 4281518 is divided by 33190?
8
Calculate the remainder when 1544869 is divided by 17555.
29
What is the remainder when 110773023 is divided by 98?
95
What is the remainder when 394597 is divided by 170?
27
What is the remainder when 73747020 is divided by 723010?
0
Calculate the remainder when 52392950 is divided by 2361.
2360
What is the remainder when 372698 is divided by 1966?
1124
Calculate the remainder when 4766310 is divided by 139.
0
Calculate the remainder when 808559 is divided by 808414.
145
Calculate the remainder when 5611266 is divided by 3894.
12
Calculate the remainder when 19365317 is divided by 84197.
7
What is the remainder when 1170014 is divided by 389962?
128
What is the remainder when 448814 is divided by 2300?
314
What is the remainder when 38303877 is divided by 607998?
3
What is the remainder when 13176451 is divided by 114?
103
Calculate the remainder when 24390 is divided by 5067.
4122
What is the remainder when 2875355 is divided by 807?
14
Calculate the remainder when 49656177 is divided by 3095.
3092
Calculate the remainder when 2174220 is divided by 167115.
1725
What is the remainder when 634093 is divided by 317008?
77
Calculate the remainder when 811554 is divided by 811282.
272
What is the remainder when 1444965 is divided by 3559?
11
Calculate the remainder when 5736443 is divided by 188.
187
What is the remainder when 1956000 is divided by 7824?
0
Calculate the remainder when 158087 is divided by 78993.
101
Calculate the remainder when 166209 is divided by 4362.
453
What is the remainder when 78046571 is divided by 561486?
17
Calculate the remainder when 118418 is divided by 4989.
3671
Calculate the remainder when 147303 is divided by 709.
540
Calculate the remainder when 1013335 is divided by 19838.
1597
Calculate the remainder when 192866 is divided by 24051.
458
What is the remainder when 177685 is divided by 7104?
85
Calculate the remainder when 4668833 is divided by 933764.
13
What is the remainder when 15748379 is divided by 314?
23
Calculate the remainder when 14177 is divided by 272.
33
Calculate the remainder when 4919008 is divided by 5767.
5524
Calculate the remainder when 156202 is divided by 2599.
262
Calculate the remainder when 27748824 is divided by 593.
575
Calculate the remainder when 348238174 is divided by 19.
18
What is the remainder when 148780 is divided by 2117?
590
Calculate the remainder when 264903 is divided by 5990.
1343
Calculate the remainder when 6546740 is divided by 20.
0
Calculate the remainder when 10495708 is divided by 3448.
3444
What is the remainder when 820984 is divided by 9773?
52
What is the remainder when 5245642 is divided by 669?
13
Calculate the remainder when 695124 is divided by 231670.
114
What is the remainder when 192262373 is divided by 387?
386
What is the remainder when 11174089 is divided by 190?
189
What is the remainder when 34344 is divided by 17064?
216
What is the remainder when 318675 is divided by 34823?
5268
What is the remainder when 5911312 is divided by 5911238?
74
Calculate the remainder when 268026 is divided by 877.
541
Calculate the remainder when 77669 is divided by 4.
1
Calculate the remainder when 3145843 is divided by 2309.
985
Calculate the remainder when 106695 is divided by 35380.
555
What is the remainder when 32881862 is divided by 155?
7
Calculate the remainder when 22149190 is divided by 12.
10
What is the remainder when 27965525 is divided by 2542313?
82
Calculate the remainder when 134524 is divided by 16807.
68
What is the remainder when 63467544 is divided by 729512?
0
Calculate the remainder when 2759809 is divided by 1379902.
5
What is the remainder when 40114183 is divided by 60051?
115
Calculate the remainder when 7645706 is divided by 1314.
854
Calculate the remainder when 237493 is divided by 237458.
35
What is the remainder when 26386 is divided by 512?
274
Calculate the remainder when 835565 is divided by 275972.
7649
What is the remainder when 306143 is divided by 1257?
692
Calculate the remainder when 933219 is divided by 66650.
119
What is the remainder when 19747 is divided by 5245?
4012
What is the remainder when 119752431 is divided by 2016?
15
Calculate the remainder when 92389267 is divided by 6599231.
33
Calculate the remainder when 173718 is divided by 101.
99
What is the remainder when 818544 is divided by 272847?
3
Calculate the remainder when 6523232 is divided by 251.
244
Calculate the remainder when 460146 is divided by 32861.
92
Calculate the remainder when 37580 is divided by 37454.
126
What is the remainder when 65025 is divided by 3243?
165
Calculate the remainder when 5445443 is divided by 86.
9
Calculate the remainder when 7655713 is divided by 5.
3
What is the remainder when 3544692 is divided by 885879?
1176
What is the remainder when 17325146 is divided by 4331251?
142
Calculate the remainder when 42243273 is divided by 3291.
3288
Calculate the remainder when 102306 is divided by 825.
6
What is the remainder when 18097520 is divided by 38020?
0
What is the remainder when 270740 is divided by 140?
120
What is the remainder when 361377 is divided by 72274?
7
Calculate the remainder when 9611 is divided by 8652.
959
What is the remainder when 53849 is divided by 26883?
83
What is the remainder when 190884 is divided by 5023?
10
What is the remainder when 8727 is divided by 2628?
843
Calculate the remainder when 989790 is divided by 1566.
78
What is the remainder when 81543 is divided by 20276?
439
What is the remainder when 40597709 is divided by 62362?
47
Calculate the remainder when 778399 is divided by 7415.
7239
Calculate the remainder when 1943534 is divided by 971765.
4
What is the remainder when 1731602 is divided by 7730?
82
Calculate the remainder when 76943 is divided by 2484.
2423
What is the remainder when 97427 is divided by 910?
57
What is the remainder when 2229848 is divided by 1794?
1700
What is the remainder when 11850460 is divided by 493